at is -275162 (base 8) in base 4?
-113221302
Convert 11003221311 (base 4) to base 16.
143a75
What is -2110211121220 (base 3) in base 5?
-314044242
Convert -2604232 (base 7) to base 5.
-41301013
What is 1260091 (base 10) in base 14?
24b307
Convert 10010001110110 (base 2) to base 15.
2b74
What is 10581255 (base 9) in base 11?
2995530
5123024 (base 6) to base 14
6506c
-100011001110100011101010 (base 2) to base 5
-4331002131
135b9d (base 15) to base 4
3203032330
What is -42715 (base 9) in base 15?
-85a8
What is -177881 (base 10) in base 15?
-37a8b
-10011100010001010 (base 2) to base 9
-131670
Convert -42444021 (base 5) to base 13.
-c76a6
Convert 100011001011 (base 2) to base 12.
1377
Convert -33303101 (base 5) to base 2.
-1000111000011010010
-162136 (base 8) to base 16
-e45e
Convert 10120321233 (base 4) to base 11.
716498
Convert fce19 (base 16) to base 7.
11542554
Convert -150445 (base 9) to base 6.
-1550535
-1015106 (base 7) to base 6
-2335552
Convert 117a20 (base 12) to base 13.
9bb41
3303122130 (base 4) to base 5
223401040
Convert c360 (base 13) to base 2.
110100101000101
Convert -13031132222 (base 4) to base 2.
-111001101011110101010
Convert -4b97a (base 14) to base 3.
-100102202112
What is -2220103230 (base 4) in base 9?
-1260586
Convert 5830677 (base 9) to base 11.
1861578
230022511 (base 7) to base 15
1369db7
124310111 (base 5) to base 15
c37db
-d5818 (base 15) to base 12
-28781b
What is -565731 (base 14) in base 6?
-142522451
98675 (base 11) to base 10
143225
-313266 (base 9) to base 5
-21423432
What is -120111210001 (base 3) in base 15?
-606ca
What is 1301322 (base 5) in base 10?
25212
-1243472 (base 8) to base 3
-122120111122
What is -1104111 (base 8) in base 12?
-123a89
Convert -217441 (base 8) to base 12.
-36655
Convert 23172006 (base 8) to base 11.
2935043
Convert 220113132121 (base 4) to base 2.
101000010111011110011001
Convert 834ed (base 16) to base 3.
1000022202220
-1556ca (base 16) to base 6
-45550230
What is -112303100312 (base 4) in base 8?
-26632066
Convert 55144045 (base 6) to base 5.
410144223
108752 (base 11) to base 13
60742
What is -27d45 (base 16) in base 10?
-163141
62152446 (base 8) to base 6
1150034034
Convert -3719715 (base 10) to base 2.
-1110001100001000100011
-d68b (base 15) to base 10
-45356
-1011100100001011 (base 2) to base 12
-234b7
-18ac08 (base 14) to base 10
-874952
1413051 (base 8) to base 16
61629
Convert 3ed95 (base 15) to base 14.
53982
Convert 11413110 (base 5) to base 16.
1a310
Convert 1105251200 (base 6) to base 14.
1849c52
What is -333020033 (base 5) in base 12?
-5a17b5
-1c94f (base 16) to base 6
-2301555
-20131577 (base 8) to base 3
-21222102112111
Convert -56230053 (base 7) to base 13.
-10141a7
1321302 (base 5) to base 10
26452
122111202020000 (base 3) to base 10
9305118
Convert -10210010110011 (base 3) to base 9.
-3703404
Convert 61455355 (base 7) to base 4.
103212321022
Convert -6143521 (base 7) to base 2.
-10110011000110011010
Convert -144007 (base 10) to base 13.
-50716
What is -12024 (base 14) in base 13?
-16cc9
Convert -374aba6 (base 13) to base 10.
-17217687
9cde79 (base 15) to base 3
112002110222220
What is -7640254 (base 8) in base 14?
-3b45c0
3611523 (base 7) to base 14
bc683
20fd1 (base 16) to base 3
20212100111
Convert 1332242120 (base 5) to base 6.
200511100
Convert -485286 (base 10) to base 13.
-13cb69
Convert -5383101 (base 10) to base 7.
-63520113
What is 1de47 (base 16) in base 5?
12404224
165a6 (base 13) to base 10
42724
What is 29948 (base 16) in base 7?
1306352
Convert -182ce9 (base 15) to base 12.
-487510
What is -4474c (base 14) in base 11?
-103862
53419 (base 10) to base 8
150253
What is -2512524 (base 9) in base 5?
-322212243
Convert -141444403 (base 6) to base 13.
-79c506
-5bb71 (base 14) to base 6
-4451235
100001111000100000110 (base 2) to base 8
4170406
What is -322235305 (base 6) in base 4?
-111302230121
What is 13b97 (base 15) in base 3?
10012220221
Convert 220022 (base 5) to base 14.
2a48
What is 41297 (base 11) in base 14?
17d51
Convert 1230840 (base 9) to base 11.
418346
294173 (base 12) to base 9
1263416
894456 (base 12) to base 7
24366531
What is -6159a (base 15) in base 2?
-1001011010010101011
606972 (base 10) to base 9
1124543
What is -2020202210011 (base 3) in base 8?
-4440143
130210330 (base 5) to base 9
1162803
958264 (base 10) to base 16
e9f38
-8cc4a5 (base 13) to base 3
-20021200222000
Convert -100011001111111001011 (base 2) to base 16.
-119fcb
What is d111b (base 14) in base 7?
4161434
What is 220de (base 15) in base 16?
1a6b1
Convert -10022102112102 (base 3) to base 10.
-1760195
What is -27c42 (base 16) in base 14?
-43506
What is -249d7 (base 14) in base 16?
-15ea1
Convert -17a8 (base 11) to base 14.
-ba0
100001010000110010011 (base 2) to base 14
2052cb
-55365 (base 11) to base 8
-234646
Convert 61848 (base 11) to base 2.
10110000001010101
Convert 16c17 (base 16) to base 7.
535512
-10010200010220 (base 3) to base 8
-6267047
3045134 (base 7) to base 2
1011000111100110100
21202110102 (base 4) to base 11
14581a9
Convert 51350 (base 6) to base 7.
25632
Convert -11301032303 (base 4) to base 13.
-40c4c3
-44004224 (base 5) to base 11
-237192
What is -a3439 (base 16) in base 13?
-1a54c9
What is 6513753 (base 9) in base 11?
1a76596
What is 181896 (base 12) in base 14?
ac32a
Convert -17702 (base 16) to base 8.
-273402
Convert 1455137 (base 9) to base 2.
11000100010101101010
1911b14 (base 12) to base 15
6da641
Convert -23897 (base 14) to base 6.
-1505405
What is 1000202022110 (base 3) in base 15?
abcb9
What is -240011 (base 6) in base 14?
-77b9
Convert 110022020101 (base 3) to base 16.
3b218
What is 1220121201210 (base 3) in base 13?
297603
-13154423 (base 6) to base 3
-211002221220
-240521100 (base 6) to base 2
-10001001111101011111100
Convert 11450656 (base 9) to base 3.
101111200201220
Convert 52202153 (base 6) to base 14.
2b3d2d
What is -10001101110000111 (base 2) in base 10?
-72583
What is 203002211 (base 4) in base 5?
14043100
Convert 246260 (base 7) to base 14.
127a0
What is -6240044 (base 7) in base 15?
-ebe7e
Convert 406304 (base 8) to base 6.
2513540
3620 (base 12) to base 16
17b8
What is 87059 (base 12) in base 10?
178053
2ac18e (base 16) to base 14
52d234
What is -101100000010101001001 (base 2) in base 13?
-3b6b42
What is 663aa (base 11) in base 12?
478a3
-98c2 (base 14) to base 16
-6742
What is 101111101000101010110011 (base 2) in base 5?
11144043342
What is 10006 (base 9) in base 2?
1100110100111
Convert -122243321 (base 6) to base 7.
-26003602
611170 (base 8) to base 12
98620
Convert -667211 (base 11) to base 14.
-1d9923
What is 14a5649 (base 11) in base 3?
11211112211201
What is -18bd (base 16) in base 8?
-14275
Convert -44412003 (base 5) to base 9.
-651671
What is 362ba5b (base 12) in base 9?
21703028
15b4628 (base 13) to base 11
3a56746
Convert 4344963 (base 11) to base 12.
26820b7
Convert -18003174 (base 9) to base 7.
-136545310
What is -178822 (base 16) in base 11?
-963730
What is -25551503 (base 8) in base 7?
-66236305
-12021112220 (base 3) to base 16
-195f0
Convert -1304305 (base 9) to base 12.
-2a3a88
-811035 (base 9) to base 4
-1311013202
What is 221133030 (base 4) in base 14?
45d00
What is 23573 (base 8) in base 2?
10011101111011
Convert -3312301212 (base 5) to base 11.
-4044046
-15124a (base 11) to base 3
-102222120102
20843857 (base 9) to base 5
10034124321
-213133 (base 7) to base 12
-19591
What is 16b0c (base 16) in base 11?
63911
Convert -20553 (base 8) to base 5.
-233210
Convert 403021 (base 8) to base 9.
221831
What is -13b53a (base 14) in base 9?
-1252600
-98071 (base 12) to base 6
-4144221
-539c5a (base 13) to base 9
-3623118
563a4 (base 14) to base 4
303011330
-f7bea1 (base 16) to base 8
-75737241
Convert -2221201021 (base 3) to base 6.
-1125011
What is -101011010001100000 (base 2) in base 12?
-866a8
What is 115223450 (base 6) in base 11?
1280836
Convert 212010012110 (base 3) to base 8.
1570603
Convert cde4 (base 15) to base 6.
534011
What is 1569979 (base 10) in base 6?
53352231
Convert -11707 (base 8) to base 13.
-23c6
Convert -1000111110101110111 (base 2) to base 16.
-47d77
Convert 134809 (base 10) to base 3.
20211220221
What is 10304432 (base 5) in base 10?
88117
-65200224 (base 7) to base 13
-11ca270
Convert 112222102100